0?
-253
In base 15, what is 1475 - 3e?
1436
In base 9, what is 1 - -1573742?
1573743
In base 15, what is 71 - 2016?
-1e95
In base 5, what is -14 + -110223?
-110242
In base 2, what is 111 + 100100110001?
100100111000
In base 15, what is -1a51e - a?
-1a529
In base 4, what is 1223201020 - 0?
1223201020
In base 9, what is -1486316 - -4?
-1486312
In base 14, what is -2 + -51b?
-51d
In base 11, what is -74 - -4356?
4292
In base 2, what is -100110 + 1011010?
110100
In base 15, what is -3c6 - -9d0?
609
In base 13, what is -20 + 2b29?
2b09
In base 15, what is -56b + -18?
-584
In base 14, what is 823 + ca?
90d
In base 7, what is 113203642 + 3?
113203645
In base 6, what is -3 + 53111?
53104
In base 3, what is -1220212 - -1200020?
-20122
In base 5, what is -1 + -2222103?
-2222104
In base 8, what is 60 + 40314?
40374
In base 15, what is -22 + 5a44?
5a22
In base 7, what is -613610 - 3?
-613613
In base 2, what is 0 - -10000110000100100100?
10000110000100100100
In base 12, what is 2661 - -15?
2676
In base 3, what is 12002 - 100021?
-11012
In base 16, what is 3a13 + 4?
3a17
In base 2, what is 10000101 - -1100101101?
1110110010
In base 4, what is 10301 + 3031?
13332
In base 6, what is 314222203 + 5?
314222212
In base 11, what is 46 + 1551?
1597
In base 2, what is 0 - 11111100110011?
-11111100110011
In base 15, what is -ba + 26d?
1a3
In base 2, what is -11 - 1001010001001111?
-1001010001010010
In base 11, what is 59716 - 3?
59713
In base 7, what is -3 + 10066112?
10066106
In base 2, what is 11110101011 - -1100100?
100000001111
In base 3, what is 10 - 120012101022?
-120012101012
In base 2, what is 110100 + -100010101001000?
-100010100010100
In base 3, what is 221011 + 11?
221022
In base 11, what is 64 - 5a?
5
In base 7, what is 14306 + -2106?
12200
In base 16, what is 1a9f - 21?
1a7e
In base 9, what is -3 + -36032?
-36035
In base 6, what is 5 - -105343?
105352
In base 11, what is -946 - a?
-955
In base 15, what is -1c577 - -5?
-1c572
In base 11, what is -1 + 4a06a7?
4a06a6
In base 6, what is -14 - 2100132?
-2100150
In base 10, what is 246 - -95?
341
In base 11, what is -112aa3 - 1?
-112aa4
In base 10, what is -197 - -1617?
1420
In base 2, what is -1011011100011100 + 10?
-1011011100011010
In base 5, what is -12 - -4030?
4013
In base 16, what is 7f146 + 5?
7f14b
In base 2, what is -1010010 + -10001010001001111?
-10001010010100001
In base 7, what is -5 - -36211?
36203
In base 10, what is -1006 - -114?
-892
In base 16, what is -4f + 372?
323
In base 14, what is -21c - 1b5?
-3d3
In base 11, what is -522506 - -3?
-522503
In base 6, what is 2 - -30235451?
30235453
In base 13, what is 11 + -423c?
-422b
In base 3, what is 100000122 + 2020?
100002212
In base 11, what is 92 - -499?
580
In base 4, what is 1 - -11323220?
11323221
In base 10, what is 163090 - 3?
163087
In base 8, what is -5 - -244366?
244361
In base 13, what is 0 - 1cc946?
-1cc946
In base 5, what is -2303431 + -20?
-2304001
In base 10, what is 206 - 36?
170
In base 4, what is 10 + 20033000?
20033010
In base 11, what is 8 + 389a?
38a7
In base 3, what is 1 - 100202?
-100201
In base 15, what is -36 + -19a?
-1d1
In base 6, what is -25 - 2335?
-2404
In base 9, what is -5 - 647?
-653
In base 13, what is -6866 - -26?
-6840
In base 11, what is 17 + -6599?
-6582
In base 7, what is -154 - -10656?
10502
In base 4, what is -113133032 - -11?
-113133021
In base 8, what is -232342 + -5?
-232347
In base 2, what is -1011111110000 + 11?
-1011111101101
In base 12, what is -5 - 197729?
-197732
In base 14, what is 13 + bc8a?
bc9d
In base 10, what is 26106 + 83?
26189
In base 7, what is -65 + -3513?
-3611
In base 5, what is 10 + 304040?
304100
In base 2, what is -1001011111001 - 1111?
-1001100001000
In base 11, what is a268 + -104?
a164
In base 14, what is -8 - -a2c1?
a2b7
In base 8, what is 10750 + 374?
11344
In base 14, what is 66 - 132?
-aa
In base 16, what is -1830 - -14?
-181c
In base 13, what is 3 + -344044?
-344041
In base 5, what is 11 - -13423441?
13424002
In base 2, what is -11 + 111111011010?
111111010111
In base 3, what is 12 + 11100222?
11101011
In base 13, what is -1 + -308ac0?
-308ac1
In base 15, what is -11c96 + -4?
-11c9a
In base 10, what is -8 + -5832?
-5840
In base 5, what is -2 - -4320433?
4320431
In base 16, what is 1 - -6f14f?
6f150
In base 8, what is 6 - -25734?
25742
In base 15, what is c + -20889?
-2087c
In base 9, what is -2 - 655885?
-655887
In base 16, what is af1 - -23?
b14
In base 16, what is 28 + 16a5?
16cd
In base 4, what is 333 + 121200?
122133
In base 6, what is -3 + -35153041?
-35153044
In base 4, what is -2 - 11200302?
-11200310
In base 11, what is -162 - 3?
-165
In base 5, what is 31320 + -13?
31302
In base 5, what is -1002423 + -2113?
-1010041
In base 5, what is -101110 - 321?
-101431
In base 12, what is -105 - -3926?
3821
In base 13, what is -19 - 8b1?
-8ca
In base 10, what is -175 - 2399?
-2574
In base 6, what is -11321 - 55?
-11420
In base 6, what is 0 + 121432?
121432
In base 10, what is 5236 - 3?
5233
In base 14, what is -692 - 383?
-a35
In base 6, what is 0 + 1013345?
1013345
In base 8, what is -1644 - 31?
-1675
In base 11, what is -119a92 + 3?
-119a8a
In base 8, what is 23 + -11?
12
In base 6, what is -44235 - -15?
-44220
In base 14, what is 1a + -12116?
-120da
In base 4, what is 102 + -22031303?
-22031201
In base 16, what is -5 - 3c4de?
-3c4e3
In base 13, what is 6b0c - 8?
6b04
In base 10, what is 4076 + 16?
4092
In base 4, what is -11032 - -12111?
1013
In base 16, what is -13da + 85?
-1355
In base 3, what is 121 + -110002222110?
-110002221212
In base 12, what is -5 + -80?
-85
In base 8, what is -60 - 14?
-74
In base 9, what is 3282603 - 2?
3282601
In base 10, what is 45156 - -1?
45157
In base 6, what is 125 - 30103?
-25534
In base 15, what is -1 + 3711?
3710
In base 12, what is 11 + -5203?
-51b2
In base 14, what is 5 + 10d870?
10d875
In base 16, what is -fd + eb?
-12
In base 10, what is -2019 - -1?
-2018
In base 16, what is -e - c5?
-d3
In base 9, what is -166 + -3306?
-3473
In base 16, what is -5 - b2f?
-b34
In base 7, what is 1 + 2133?
2134
In base 4, what is -21 - -100333330?
100333303
In base 14, what is 234 + 29?
25d
In base 6, what is -12133 + 12112?
-21
In base 8, what is 57235 + 1?
57236
In base 14, what is -3 - 91d?
-922
In base 4, what is -12013223 - 11?
-12013300
In base 13, what is b6 - 26b9?
-2603
In base 11, what is -358 + 369?
11
In base 11, what is 0 + 12076?
12076
In base 9, what is 1 + -3062?
-3061
In base 4, what is 13 - -202102?
202121
In base 2, what is -11 - -11110001011010?
11110001010111
In base 15, what is -2 - -2458e?
2458c
In base 2, what is -11 + -110000000001000?
-110000000001011
In base 10, what is -75783 - 4?
-75787
In base 8, what is 110421 - -3?
110424
In base 4, what is -230003 - -3131?
-220212
In base 7, what is -533 + 40615?
40052
In base 11, what is -15 + 155a?
1545
In base 13, what is 762a - -182?
77ac
In base 14, what is -d + -2c77?
-2c86
In base 10, what is 4887 - 13?
4874
In base 14, what is a1d + -64?
999
In base 3, what is 111012 + 20102221?
20221010
In base 9, what is 43321 + 38?
43360
In base 5, what is -4200 + 1?
-4144
In base 9, what is 25 + 80582?
80617
In base 11, what is 4 - -18978?
18981
In base 16, what is -1ec + -5?
-1f1
In base 9, what is -25278 - 70?
-25358
In base 13, what is 122126 + -3?
122123
In base 2, what is -1110001000101 + 10?
-1110001000011
In base 4, what is 23021 + -30322?
-1301
In base 11, what is -16598 + 14?
-16584
In base 2, what is 10101 - 1000110110011000?
-1000110110000011
In base 13, what is 22 - -171?
193
In base 2, what is -11 - 110000010010?
-110000010101
In base 8, what is 7 + 6715?
6724
In base 9, what is -2678 + 100?
-2578
In base 15, what is -20 - 5?
-25
In base 7, what is 435 - -1166?
1634
In base 12, what is 216 - -3?
219
In base 16, what is -1374 - 70?
-13e4
In base 9, what is 1 + 636244?
636245
In base 6, what is -202254 - 5?
-202303
In base 12, what is 1 - 3227?
-3226
In base 4, what is 2030002 + -1?
2030001
In base 7, what is 13105 + -66?
13006
In base 11, what is 5 - -1aa215?
1aa21a
In base 5, what is -143330 + 34?
-143241
In base 4, what is -12112 + 1210222?
1132110
In base 15, what is 23 - -c9?
ec
In base 5, what is 10 + -100243210?
-100243200
In base 7, what is 10444 + 463?
11240
In base 16